63771 (base 9) to base 4
-230300231332
What is 100046 (base 13) in base 2?
1011010101010010111
3053342 (base 6) to base 10
147230
Convert 210302102 (base 4) to base 7.
1165166
Convert 22031113223 (base 4) to base 2.
1010001101010111101011
949677 (base 12) to base 2
1000111011000001111011
What is 1012013201 (base 4) in base 10?
287201
-100024424 (base 6) to base 9
-3144857
1100010011110111 (base 2) to base 14
14539
What is 202112120110 (base 3) in base 5?
100414113
32527245 (base 8) to base 14
cddd09
-10100000111100001 (base 2) to base 3
-11012000220
What is 1212044 (base 5) in base 2?
101100011110110
Convert 1300947 (base 16) to base 6.
1551022503
-204426 (base 8) to base 7
-401564
What is bc0ea8 (base 15) in base 12?
3003565
cc9a2 (base 13) to base 2
1011010100000111101
-b397a (base 15) to base 13
-16c090
-56352257 (base 8) to base 12
-40b397b
Convert 303656 (base 8) to base 4.
120132232
What is -b2876 (base 14) in base 10?
-429736
Convert -29c342 (base 15) to base 7.
-23063264
-3bdcc3 (base 16) to base 15
-527629
Convert -11402312 (base 6) to base 14.
-947ac
Convert -66a04 (base 16) to base 4.
-1212220010
348720 (base 10) to base 11
218aa9
-80555 (base 10) to base 5
-10034210
Convert 14ab5c (base 13) to base 10.
509443
11261303 (base 8) to base 13
67a295
What is -10102011010122 (base 3) in base 7?
-21263123
Convert -d40099 (base 14) to base 5.
-3312124021
Convert 253235 (base 8) to base 5.
10301314
318974a (base 11) to base 2
10101011000100101101110
Convert bcab5 (base 13) to base 14.
8cab3
-10210012220001 (base 3) to base 2
-111101011001100111000
What is 11120553 (base 6) in base 7?
2603004
What is 176202 (base 15) in base 14?
217604
What is -190c214 (base 13) in base 14?
-113480d
1001010110101011100 (base 2) to base 14
7d9c8
What is 1110011100010001 (base 2) in base 9?
100125
Convert 15271 (base 8) to base 14.
26c9
-288294 (base 11) to base 8
-1557257
21100020122201 (base 3) to base 8
16705206
Convert 18455b6 (base 12) to base 8.
23254432
Convert -133100231 (base 4) to base 5.
-13044140
What is 9b8b3 (base 14) in base 10?
377653
What is -203902 (base 10) in base 4?
-301301332
What is -308452 (base 10) in base 5?
-34332302
Convert -370120 (base 8) to base 5.
-13031211
Convert -23330112 (base 4) to base 10.
-48918
-110101112210 (base 3) to base 9
-411483
2b76a (base 15) to base 2
100010001100010010
Convert -1155205 (base 7) to base 16.
-24337
-23341204 (base 5) to base 14
-585bd
Convert 522225 (base 8) to base 16.
2a495
Convert -163903 (base 10) to base 7.
-1251565
-4372634 (base 8) to base 15
-183b0d
What is -223220332210 (base 4) in base 11?
-6504083
1452921 (base 12) to base 15
55bbb4
-1580a4b (base 13) to base 12
-2394a63
121cb5 (base 13) to base 15
88378
-17673e (base 15) to base 5
-242320014
20716 (base 10) to base 8
50354
Convert -5768445 (base 9) to base 14.
-5b1875
What is -34b82a (base 15) in base 10?
-2519590
What is 113340202 (base 7) in base 15?
934761
Convert 667814 (base 9) to base 13.
10ca5c
What is 8a409 (base 13) in base 9?
422447
Convert 2c0b3 (base 16) to base 6.
3511111
What is -4104425 (base 6) in base 16?
-2fb61
Convert -15021 (base 6) to base 9.
-3244
Convert -2a26 (base 11) to base 4.
-330330
What is -2367156 (base 8) in base 5?
-131311422
What is 401002 (base 8) in base 7?
1055430
Convert 155201150 (base 6) to base 7.
40201551
What is 110114 (base 7) in base 4?
10231010
Convert 4144421 (base 6) to base 7.
1463566
What is 8a7249 (base 13) in base 5?
1314143412
Convert -1829475 (base 11) to base 14.
-5aa56c
-5b3c8 (base 14) to base 9
-368838
Convert -122022001 (base 4) to base 11.
-73548
24494 (base 13) to base 9
111448
What is 566028 (base 9) in base 12?
14422b
Convert -12014102 (base 5) to base 6.
-2211411
Convert -1121110020102 (base 3) to base 4.
-3100303322
Convert 292817 (base 11) to base 8.
1575457
-e0fb1 (base 16) to base 4
-3200332301
Convert -1111210201102 (base 3) to base 10.
-803153
Convert 21222002210120 (base 3) to base 2.
10000001001101010011101
374a78 (base 16) to base 14
6a4768
What is -1411441143 (base 5) in base 12?
-1269658
Convert 631353 (base 8) to base 5.
23202033
What is 78776 (base 10) in base 2?
10011001110111000
Convert -1010101011101011101 (base 2) to base 10.
-350045
What is -28603 (base 13) in base 2?
-10010011111000011
What is 1001011001000110 (base 2) in base 12?
1a31a
Convert a28272 (base 12) to base 6.
130305422
What is 10521 (base 11) in base 3?
202221112
What is 104311203 (base 5) in base 7?
3636511
What is 53121552 (base 6) in base 8?
5724154
Convert 52481 (base 12) to base 10.
107809
12021010111 (base 3) to base 15
20a77
Convert 516502 (base 7) to base 4.
111222211
Convert 104487 (base 10) to base 11.
71559
Convert ca12 (base 14) to base 13.
12b6c
24750754 (base 8) to base 10
5493228
Convert 1101111111 (base 3) to base 14.
9d69
What is 64242606 (base 8) in base 6?
1205542314
What is ae68 (base 15) in base 2?
1001000010000110
What is -11440302 (base 5) in base 16?
-1a91b
What is -12934 (base 12) in base 14?
-9436
What is -515026 (base 7) in base 6?
-1520111
What is 200523240 (base 6) in base 2?
1100111110011011101000
333133101 (base 4) to base 12
1065a9
Convert -1455433 (base 7) to base 15.
-3dd97
Convert 2a1a390 (base 11) to base 4.
103301021131
1bc7478 (base 14) to base 7
226242411
Convert 7963 (base 11) to base 14.
3b63
-14127 (base 11) to base 15
-5e60
Convert -113203012 (base 4) to base 6.
-2022314
What is -3303201032 (base 4) in base 12?
-401292
Convert -49235 (base 14) to base 4.
-223221233
What is 12000100210 (base 4) in base 11?
985570
Convert 463351 (base 10) to base 5.
104311401
Convert 9523b (base 12) to base 15.
3ce4e
40b62 (base 13) to base 14
304ab
What is -6cff7 (base 16) in base 11?
-285479
Convert 31571 (base 11) to base 13.
17ba8
1232041 (base 5) to base 6
303113
Convert -311403235 (base 6) to base 15.
-7192e2
What is f7fc6 (base 16) in base 9?
1817311
What is 1220321031 (base 4) in base 15?
87480
What is 3150120 (base 6) in base 11?
a59a8
Convert -4870077 (base 9) to base 16.
-2858b9
353202203 (base 6) to base 15
8a3e20
-1bee75 (base 15) to base 10
-1366760
100010111100011011 (base 2) to base 16
22f1b
1084088 (base 11) to base 16
1ce6dd
Convert 32312110012 (base 4) to base 11.
2219534
What is 299794 (base 13) in base 6?
33513304
Convert 111a29 (base 11) to base 12.
871b4
What is -112002102210 (base 3) in base 15?
-57293
-187575 (base 10) to base 9
-315266
Convert 145055 (base 8) to base 13.
1a734
Convert -35426465 (base 7) to base 13.
-85918a
-14323422 (base 5) to base 13
-540b1
What is -9365227 (base 10) in base 7?
-142413604
Convert -232760 (base 8) to base 14.
-20cb6
Convert b9770 (base 13) to base 2.
1010001110101110010
What is -46652 (base 12) in base 8?
-270036
What is -36a3a (base 13) in base 7?
-566210
Convert 31133343 (base 5) to base 2.
111110010111110001
-103121132 (base 4) to base 8
-233136
What is -33bc61 (base 15) in base 6?
-124534444
What is -113703b (base 12) in base 11?
-1960254
Convert 32323662 (base 7) to base 8.
12423425
-201a87 (base 11) to base 10
-324738
403924 (base 10) to base 8
1424724
Convert 1f71ac (base 16) to base 4.
13313012230
-3001365 (base 9) to base 16
-1857da
What is -112145 (base 11) in base 13?
-63348
4a6894 (base 13) to base 16
1b3e5d
What is a6472 (base 14) in base 7?
3261402
-202021110101 (base 3) to base 7
-3251356
Convert 12111011222211 (base 3) to base 15.
3c9334
-31c19 (base 13) to base 14
-24ab8
What is -710a (base 16) in base 11?
-1a818
What is -5a563 (base 11) in base 15?
-1ac79
Convert -3513825 (base 9) to base 14.
-37609d
What is -110100111110100001011 (base 2) in base 12?
-6b8723
What is -9801 (base 13) in base 7?
-115410
Convert 105113532 (base 8) to base 14.
259bd10
Convert -7c446 (base 14) to base 13.
-a7a07
-15452 (base 13) to base 4
-21311201
What is 7a186 (base 13) in base 3?
102021202202
-144030 (base 11) to base 5
-24144342
-4310034 (base 6) to base 10
-211270
Convert 1005233 (base 7) to base 5.
12310421
7504a (base 13) to base 9
351355
Convert 1453632 (base 7) to base 9.
331823
-222102122 (base 3) to base 10
-19268
10510620 (base 8) to base 14
42d888
-6373424 (base 8) to base 15
-2392d7
-40201 (base 16) to base 9
-440261
12012100001100 (base 3) to base 6
135112013
What is -200032300 (base 4) in ba